3
List the prime factors of 204540798.
2, 3, 7, 11, 63247
List the prime factors of 76525562.
2, 79, 484339
List the prime factors of 521803703.
521803703
List the prime factors of 52180534.
2, 7, 491, 7591
What are the prime factors of 869847687?
3, 17, 1895093
What are the prime factors of 2708532743?
7, 883, 438203
What are the prime factors of 100271421?
3, 23, 21061
List the prime factors of 71264979.
3, 59, 103, 1303
What are the prime factors of 339717588?
2, 3, 7, 577751
List the prime factors of 5476433178.
2, 3, 97, 97007
List the prime factors of 81918138.
2, 3, 17, 803119
What are the prime factors of 2359735891?
587, 4019993
What are the prime factors of 745461448?
2, 139, 670379
List the prime factors of 887917455.
3, 5, 293, 67343
What are the prime factors of 1101100380?
2, 3, 5, 1723, 10651
List the prime factors of 3709557763.
3709557763
What are the prime factors of 35028057?
3, 23, 373, 1361
List the prime factors of 856313140.
2, 5, 42815657
List the prime factors of 33319939.
19, 23, 4013
What are the prime factors of 33452864?
2, 283, 1847
List the prime factors of 111900857.
89, 1257313
List the prime factors of 46502807.
13, 631, 5669
List the prime factors of 31773021.
3, 7, 331, 653
List the prime factors of 8703085.
5, 23, 75679
What are the prime factors of 2977101?
3, 71, 1553
What are the prime factors of 152144683?
31, 101, 48593
What are the prime factors of 4000604463?
3, 797, 557731
What are the prime factors of 56739160?
2, 5, 23, 61673
What are the prime factors of 4106109264?
2, 3, 619, 138197
What are the prime factors of 60638962?
2, 30319481
List the prime factors of 8800601.
29, 303469
List the prime factors of 33085151.
11, 127, 2153
What are the prime factors of 210079598?
2, 53, 1981883
List the prime factors of 80959408.
2, 53, 95471
What are the prime factors of 265479213?
3, 967, 91513
What are the prime factors of 13936872?
2, 3, 17, 34159
What are the prime factors of 1626936914?
2, 14149, 57493
List the prime factors of 99638802.
2, 3, 17, 311, 349
What are the prime factors of 7852078?
2, 13, 1787
List the prime factors of 3104121466.
2, 19, 81687407
List the prime factors of 17938656.
2, 3, 199, 313
List the prime factors of 1928281924.
2, 482070481
What are the prime factors of 95857602?
2, 3, 37, 53, 8147
What are the prime factors of 193125116?
2, 1087, 44417
What are the prime factors of 190476575?
5, 1019, 7477
What are the prime factors of 133936541?
61, 2195681
List the prime factors of 605298.
2, 3, 79, 1277
List the prime factors of 37775547.
3, 17, 246899
What are the prime factors of 27238305?
3, 5, 19, 31, 3083
List the prime factors of 3564860.
2, 5, 13, 13711
What are the prime factors of 927617213?
83, 11176111
What are the prime factors of 112283089?
67, 1675867
List the prime factors of 272577915.
3, 5, 17, 356311
List the prime factors of 41162863.
7, 5880409
List the prime factors of 488576749.
37, 13204777
What are the prime factors of 1668778579?
13, 128367583
What are the prime factors of 1310205437?
1310205437
List the prime factors of 275601829.
275601829
List the prime factors of 1771227256.
2, 431, 513697
What are the prime factors of 1548989878?
2, 23, 33673693
What are the prime factors of 69317003?
7, 151, 65579
What are the prime factors of 864559370?
2, 5, 8669, 9973
What are the prime factors of 65445158?
2, 19, 1722241
List the prime factors of 50099192.
2, 11, 13, 43793
What are the prime factors of 250038364?
2, 2939, 21269
What are the prime factors of 5737971869?
7, 17, 1123, 42937
List the prime factors of 358821022.
2, 7, 23, 159193
What are the prime factors of 153793657?
19, 337, 24019
What are the prime factors of 1562643169?
47, 33247727
List the prime factors of 1393829519.
1393829519
List the prime factors of 1235542356.
2, 3, 11440207
What are the prime factors of 4529212?
2, 73, 15511
What are the prime factors of 2402975580?
2, 3, 5, 47, 103, 8273
What are the prime factors of 812167332?
2, 3, 47, 59, 24407
List the prime factors of 160599321.
3, 5948123
List the prime factors of 85655336.
2, 13, 83, 9923
List the prime factors of 88818196.
2, 61, 137, 2657
What are the prime factors of 185692064?
2, 23, 157, 1607
What are the prime factors of 207314162?
2, 11, 9423371
What are the prime factors of 129636612?
2, 3, 7, 29, 73
List the prime factors of 2457454769.
7, 11, 71, 107, 4201
What are the prime factors of 3680510678?
2, 13, 141558103
What are the prime factors of 471848401?
2777, 169913
List the prime factors of 60330390.
2, 3, 5, 157, 12809
List the prime factors of 21071210.
2, 5, 53, 83, 479
List the prime factors of 152901738.
2, 3, 11, 772231
List the prime factors of 36570571.
36570571
List the prime factors of 107412122.
2, 67, 257, 3119
List the prime factors of 339063664.
2, 19, 577, 1933
What are the prime factors of 482545066?
2, 241272533
What are the prime factors of 61005948?
2, 3, 331, 15359
What are the prime factors of 67325851?
67325851
List the prime factors of 87436963.
79, 359, 3083
List the prime factors of 59005621.
19, 1087, 2857
List the prime factors of 1180258363.
23, 1259, 40759
What are the prime factors of 3814099955?
5, 67, 283, 40231
What are the prime factors of 596380142?
2, 59, 5054069
List the prime factors of 19820580.
2, 3, 5, 13, 25411
What are the prime factors of 23136101?
1033, 22397
List the prime factors of 123313312.
2, 79, 48779
What are the prime factors of 512088202?
2, 113, 2265877
What are the prime factors of 82472907?
3, 11, 2499179
What are the prime factors of 6002141375?
5, 48017131
List the prime factors of 101640376.
2, 1861, 6827
List the prime factors of 965571862.
2, 367, 1315493
List the prime factors of 2801076140.
2, 5, 19, 79, 93307
What are the prime factors of 3057702980?
2, 5, 31, 4931779
List the prime factors of 27431130.
2, 3, 5, 914371
What are the prime factors of 3948205?
5, 29, 73, 373
What are the prime factors of 3401667562?
2, 61, 947, 29443
List the prime factors of 1251080038.
2, 13, 37, 331, 3929
List the prime factors of 202449932.
2, 1621, 31223
What are the prime factors of 16950156?
2, 3, 17, 83089
List the prime factors of 405159317.
17, 47, 10789
What are the prime factors of 1083658658?
2, 71, 167, 45697
What are the prime factors of 127356434?
2, 63678217
List the prime factors of 595261721.
31, 47, 408553
What are the prime factors of 169946020?
2, 5, 1543, 5507
What are the prime factors of 1619631984?
2, 3, 61, 553153
List the prime factors of 47102100.
2, 3, 5, 157007
List the prime factors of 444218989.
607, 731827
List the prime factors of 25563179.
1597, 16007
What are the prime factors of 6461355467?
7, 227, 433, 9391
What are the prime factors of 8052128?
2, 7, 103, 349
List the prime factors of 984363998.
2, 41, 43, 279173
List the prime factors of 372085248.
2, 3, 242243
What are the prime factors of 3646433732?
2, 131, 1231, 5653
What are the prime factors of 915471691?
23, 39803117
List the prime factors of 32899472.
2, 43, 47819
List the prime factors of 215156979.
3, 193, 13763
What are the prime factors of 243487127?
13, 3911, 4789
What are the prime factors of 237345644?
2, 19, 3122969
What are the prime factors of 5345420634?
2, 3, 89, 1112239
List the prime factors of 1801280638.
2, 900640319
List the prime factors of 2506946773.
19, 131944567
What are the prime factors of 26032746?
2, 3, 17, 31, 8233
What are the prime factors of 4304464408?
2, 538058051
What are the prime factors of 81404974?
2, 7, 113, 7351
What are the prime factors of 60805501?
41, 1483061
What are the prime factors of 229073333?
229073333
List the prime factors of 72595533.
3, 103, 239, 983
What are the prime factors of 176831800?
2, 5, 884159
List the prime factors of 105323056.
2, 6582691
List the prime factors of 411364903.
9151, 44953
List the prime factors of 413707229.
13, 139, 283, 809
List the prime factors of 872378484.
2, 3, 41, 59, 733
List the prime factors of 32629322.
2, 11, 1483151
What are the prime factors of 102068822?
2, 193, 269, 983
What are the prime factors of 21884691?
3, 7294897
List the prime factors of 95698405.
5, 11, 29, 59999
List the prime factors of 212957984.
2, 6654937
List the prime factors of 149003283.
3, 11, 13, 17, 2